{"id":50,"date":"2013-10-21T22:31:52","date_gmt":"2013-10-21T22:31:52","guid":{"rendered":"http:\/\/fysioterapiahaltia.net\/?page_id=50"},"modified":"2018-06-05T19:13:10","modified_gmt":"2018-06-05T19:13:10","slug":"linkit","status":"publish","type":"page","link":"https:\/\/fysioterapiahaltia.net\/?page_id=50","title":{"rendered":"Linkit"},"content":{"rendered":"<h2><strong>Yhteisty\u00f6kumppanit<\/strong><\/h2>\n<ul>\n<li><a href=\"http:\/\/www.kela.fi\" target=\"_blank\" rel=\"noopener\">Kela<\/a><\/li>\n<li><a href=\"http:\/\/www.khshp.fi\" target=\"_blank\" rel=\"noopener\"><strong>Kanta-H\u00e4meen keskussairaala<\/strong><\/a><\/li>\n<li><a href=\"http:\/\/www.hameenlinna.fi\/Terveyspalvelut-erillissivusto\/\" target=\"_blank\" rel=\"noopener\">H\u00e4meenlinnan terveyskeskus<\/a><\/li>\n<\/ul>\n<h2><strong>Maarit Haltian opinn\u00e4ytety\u00f6 kinesioteippauksesta<\/strong><\/h2>\n<ul>\n<li><a href=\"http:\/\/www.aevnm.com\/docs\/socios\/Articulos\/Aut-Haltia%20M.pdf?\" target=\"_blank\" rel=\"noopener\">Kinesioteippauksen k\u00e4ytt\u00f6 reumalasten hamstring-lihaskireyden hoidossa<\/a><\/li>\n<\/ul>\n<h2><strong>Terapiayhdistykset<\/strong><\/h2>\n<ul>\n<li><a href=\"http:\/\/www.ndt-yhdistys.fi\" target=\"_blank\" rel=\"noopener\">Suomen NDT-yhditys<\/a><\/li>\n<li><a href=\"http:\/\/www.theraplay.fi\" target=\"_blank\" rel=\"noopener\">Suomen Theraplay-yhdistys<\/a><\/li>\n<li><a href=\"http:\/\/www.laneku.fi\" target=\"_blank\" rel=\"noopener\">Lastenneurologisen kuntoutuksen yhdistys<\/a><\/li>\n<\/ul>\n<h2><strong>Vammaisj\u00e4rjest\u00f6t<\/strong><\/h2>\n<ul>\n<li><a href=\"http:\/\/www.cp-liitto.fi\" target=\"_blank\" rel=\"noopener\">CP-liitto<\/a><\/li>\n<li><a href=\"http:\/\/www.reumaliitto.fi\" target=\"_blank\" rel=\"noopener\">Reumaliitto<\/a><\/li>\n<li><a href=\"http:\/\/www.epilepsia.fi\" target=\"_blank\" rel=\"noopener\">Epilepsialiitto<\/a><\/li>\n<li><a href=\"http:\/\/www.kehitysvammaliitto.fi\" target=\"_blank\" rel=\"noopener\">Kehitysvammaliitto<\/a><\/li>\n<li><a href=\"http:\/\/www.allergia.fi\" target=\"_blank\" rel=\"noopener\">Allergia- ja astmaliitto<\/a><\/li>\n<\/ul>\n<h2><strong>Muut<\/strong><\/h2>\n<ul>\n<li><a href=\"http:\/\/www.papunet.net\" target=\"_blank\" rel=\"noopener\">Papunet<\/a><\/li>\n<li><a href=\"http:\/\/www.sosiaaliturvaopas.fi\" target=\"_blank\" rel=\"noopener\">Sosiaaliturvaopas<\/a><\/li>\n<li><a href=\"http:\/\/www.harvinaiset.fi\" target=\"_blank\" rel=\"noopener\">Harvinaisten sairaus- ja vammaryhmien yhteisty\u00f6verkosto<\/a><\/li>\n<li><a href=\"http:\/\/www.celia.fi\" target=\"_blank\" rel=\"noopener\">N\u00e4k\u00f6vammaisten ja lukemisesteisten kirjasto<\/a><\/li>\n<li><a href=\"http:\/\/www.malike.fi\" target=\"_blank\" rel=\"noopener\">Erityisliikuntav\u00e4lineiden vuokraus<\/a><\/li>\n<\/ul>\n","protected":false},"excerpt":{"rendered":"<p>Yhteisty\u00f6kumppanit Kela Kanta-H\u00e4meen keskussairaala H\u00e4meenlinnan terveyskeskus Maarit Haltian opinn\u00e4ytety\u00f6 kinesioteippauksesta Kinesioteippauksen k\u00e4ytt\u00f6 reumalasten hamstring-lihaskireyden hoidossa Terapiayhdistykset Suomen NDT-yhditys Suomen Theraplay-yhdistys Lastenneurologisen kuntoutuksen yhdistys Vammaisj\u00e4rjest\u00f6t CP-liitto Reumaliitto Epilepsialiitto Kehitysvammaliitto Allergia- ja astmaliitto Muut Papunet Sosiaaliturvaopas Harvinaisten sairaus- ja vammaryhmien yhteisty\u00f6verkosto N\u00e4k\u00f6vammaisten ja lukemisesteisten kirjasto Erityisliikuntav\u00e4lineiden vuokraus<\/p>\n","protected":false},"author":1,"featured_media":0,"parent":0,"menu_order":0,"comment_status":"closed","ping_status":"closed","template":"","meta":[],"_links":{"self":[{"href":"https:\/\/fysioterapiahaltia.net\/index.php?rest_route=\/wp\/v2\/pages\/50"}],"collection":[{"href":"https:\/\/fysioterapiahaltia.net\/index.php?rest_route=\/wp\/v2\/pages"}],"about":[{"href":"https:\/\/fysioterapiahaltia.net\/index.php?rest_route=\/wp\/v2\/types\/page"}],"author":[{"embeddable":true,"href":"https:\/\/fysioterapiahaltia.net\/index.php?rest_route=\/wp\/v2\/users\/1"}],"replies":[{"embeddable":true,"href":"https:\/\/fysioterapiahaltia.net\/index.php?rest_route=%2Fwp%2Fv2%2Fcomments&post=50"}],"version-history":[{"count":17,"href":"https:\/\/fysioterapiahaltia.net\/index.php?rest_route=\/wp\/v2\/pages\/50\/revisions"}],"predecessor-version":[{"id":52,"href":"https:\/\/fysioterapiahaltia.net\/index.php?rest_route=\/wp\/v2\/pages\/50\/revisions\/52"}],"wp:attachment":[{"href":"https:\/\/fysioterapiahaltia.net\/index.php?rest_route=%2Fwp%2Fv2%2Fmedia&parent=50"}],"curies":[{"name":"wp","href":"https:\/\/api.w.org\/{rel}","templated":true}]}}